663?
223, 281
What are the prime factors of 835024?
2, 52189
What are the prime factors of 2320256?
2, 18127
What are the prime factors of 25857?
3, 13, 17
What are the prime factors of 7426261?
7426261
What are the prime factors of 11605086?
2, 3, 19, 11311
List the prime factors of 822420.
2, 3, 5, 1523
List the prime factors of 14847611.
181, 82031
List the prime factors of 3065360.
2, 5, 38317
List the prime factors of 848582.
2, 7, 1237
List the prime factors of 1040677.
11, 89, 1063
List the prime factors of 4733603.
7, 19, 35591
List the prime factors of 13196505.
3, 5, 7, 17, 7393
List the prime factors of 9923933.
9923933
List the prime factors of 1783409.
1783409
What are the prime factors of 350461?
97, 3613
What are the prime factors of 4345128?
2, 3, 29, 2081
List the prime factors of 6977903.
6977903
List the prime factors of 306430.
2, 5, 30643
List the prime factors of 6641141.
13, 359, 1423
List the prime factors of 8861048.
2, 7, 158233
What are the prime factors of 24759653?
139, 178127
What are the prime factors of 1763329?
179, 9851
What are the prime factors of 856422?
2, 3, 7, 971
List the prime factors of 4293803.
107, 40129
List the prime factors of 572222.
2, 7, 5839
List the prime factors of 168012.
2, 3, 13, 359
List the prime factors of 25398090.
2, 3, 5, 109, 863
List the prime factors of 235419.
3, 97, 809
List the prime factors of 1867737.
3, 751, 829
What are the prime factors of 842591?
41, 20551
What are the prime factors of 222202?
2, 241, 461
What are the prime factors of 491962?
2, 245981
List the prime factors of 10870802.
2, 5435401
List the prime factors of 101788.
2, 25447
What are the prime factors of 3975756?
2, 3, 17, 19489
What are the prime factors of 123533?
23, 41, 131
List the prime factors of 45644541.
3, 17, 79, 11329
What are the prime factors of 129917?
129917
What are the prime factors of 35651?
7, 11, 463
List the prime factors of 279148.
2, 19, 3673
What are the prime factors of 548255?
5, 47, 2333
What are the prime factors of 1589907?
3, 11, 48179
List the prime factors of 2527577.
13, 17, 11437
What are the prime factors of 23485?
5, 7, 11, 61
What are the prime factors of 3041379?
3, 11, 31, 991
List the prime factors of 3570486.
2, 3, 595081
What are the prime factors of 1385809?
1385809
What are the prime factors of 388697?
388697
What are the prime factors of 1399150?
2, 5, 27983
List the prime factors of 1805788.
2, 347, 1301
What are the prime factors of 30784602?
2, 3, 29, 176923
List the prime factors of 402535.
5, 7, 31, 53
What are the prime factors of 16310574?
2, 3, 7, 129449
List the prime factors of 197682.
2, 3, 47, 701
What are the prime factors of 11118?
2, 3, 17, 109
List the prime factors of 389372.
2, 311, 313
What are the prime factors of 1206824?
2, 61, 2473
List the prime factors of 241546.
2, 23, 59, 89
List the prime factors of 4580047.
101, 137, 331
What are the prime factors of 664595?
5, 61, 2179
List the prime factors of 372570.
2, 3, 5, 11, 1129
What are the prime factors of 16893173?
11, 149, 937
What are the prime factors of 661789?
19, 61, 571
What are the prime factors of 12020365?
5, 7, 59, 5821
List the prime factors of 8613138.
2, 3, 1435523
What are the prime factors of 159333?
3, 173, 307
List the prime factors of 2293042.
2, 1146521
What are the prime factors of 308551?
308551
What are the prime factors of 4035377?
83, 48619
What are the prime factors of 7818753?
3, 2606251
List the prime factors of 7523163.
3, 17, 49171
What are the prime factors of 1101403?
1101403
List the prime factors of 11292426.
2, 3, 29, 7211
List the prime factors of 191386.
2, 13, 17, 433
List the prime factors of 3645911.
1579, 2309
What are the prime factors of 20394395?
5, 7, 29, 71, 283
List the prime factors of 611282.
2, 7, 47, 929
What are the prime factors of 1419224?
2, 19, 9337
What are the prime factors of 175331?
13, 13487
What are the prime factors of 374895?
3, 5, 2777
What are the prime factors of 5702756?
2, 197, 7237
List the prime factors of 3552522.
2, 3, 592087
List the prime factors of 19221.
3, 43, 149
What are the prime factors of 4791775?
5, 191671
List the prime factors of 5772051.
3, 193, 3323
List the prime factors of 18580983.
3, 17, 364333
List the prime factors of 93221.
73, 1277
What are the prime factors of 1004802?
2, 3, 17, 9851
What are the prime factors of 19296?
2, 3, 67
List the prime factors of 812805.
3, 5, 7, 7741
What are the prime factors of 1256509?
883, 1423
What are the prime factors of 56239?
56239
What are the prime factors of 64178?
2, 32089
List the prime factors of 164276.
2, 7, 5867
List the prime factors of 19005403.
211, 90073
What are the prime factors of 416441?
416441
What are the prime factors of 5073189?
3, 11, 153733
What are the prime factors of 996493?
19, 179, 293
List the prime factors of 255884.
2, 17, 53, 71
What are the prime factors of 500494?
2, 251, 997
List the prime factors of 1461685.
5, 37, 7901
List the prime factors of 1655639.
29, 37, 1543
What are the prime factors of 16202055?
3, 5, 1080137
What are the prime factors of 1512199?
13, 89, 1307
What are the prime factors of 57497?
11, 5227
What are the prime factors of 5819376?
2, 3, 41, 2957
List the prime factors of 17133544.
2, 2141693
List the prime factors of 1389992.
2, 293, 593
List the prime factors of 33915295.
5, 101, 239, 281
What are the prime factors of 40423?
40423
What are the prime factors of 2184849?
3, 31, 41, 191
List the prime factors of 652219.
47, 13877
List the prime factors of 106346.
2, 53173
What are the prime factors of 148862?
2, 7, 31
List the prime factors of 229591.
229591
What are the prime factors of 948011?
31, 53, 577
What are the prime factors of 524799?
3, 11, 19, 31
What are the prime factors of 192721?
439
What are the prime factors of 8753176?
2, 1094147
What are the prime factors of 566963?
566963
List the prime factors of 136462.
2, 31, 71
List the prime factors of 132536.
2, 16567
List the prime factors of 1899515.
5, 379903
List the prime factors of 24240.
2, 3, 5, 101
List the prime factors of 2538433.
41, 101, 613
List the prime factors of 414670.
2, 5, 41467
List the prime factors of 710758.
2, 355379
List the prime factors of 2196189.
3, 244021
List the prime factors of 12784174.
2, 13, 109, 347
List the prime factors of 44059.
44059
List the prime factors of 623929.
623929
List the prime factors of 13557111.
3, 79, 57203
List the prime factors of 193506.
2, 3, 32251
List the prime factors of 2293156.
2, 573289
List the prime factors of 321772.
2, 11, 71, 103
List the prime factors of 632642.
2, 316321
List the prime factors of 254612.
2, 53, 1201
List the prime factors of 1035792.
2, 3, 7193
List the prime factors of 18177864.
2, 3, 139, 5449
What are the prime factors of 2196125?
5, 17569
What are the prime factors of 515142?
2, 3, 28619
What are the prime factors of 7905457?
7, 37, 131, 233
What are the prime factors of 23265322?
2, 43, 270527
List the prime factors of 61019.
7, 23, 379
What are the prime factors of 1671960?
2, 3, 5, 13933
What are the prime factors of 476368?
2, 19, 1567
List the prime factors of 9606827.
2311, 4157
What are the prime factors of 765252?
2, 3, 29, 733
List the prime factors of 14205184.
2, 7, 7927
What are the prime factors of 14176913?
14176913
List the prime factors of 842108.
2, 210527
What are the prime factors of 291226?
2, 13, 23, 487
What are the prime factors of 2811630?
2, 3, 5, 17, 37, 149
What are the prime factors of 1798590?
2, 3, 5, 167, 359
List the prime factors of 32561544.
2, 3, 41, 33091
What are the prime factors of 7383393?
3, 91153
List the prime factors of 9131288.
2, 29, 39359
What are the prime factors of 5400027?
3, 163, 409
What are the prime factors of 1180710?
2, 3, 5, 4373
List the prime factors of 205181.
19, 10799
What are the prime factors of 758016?
2, 3, 7, 47
What are the prime factors of 38670431?
38670431
What are the prime factors of 5016322?
2, 2508161
List the prime factors of 851409.
3, 13, 19, 383
What are the prime factors of 8814?
2, 3, 13, 113
List the prime factors of 2621385.
3, 5, 13, 4481
List the prime factors of 188664.
2, 3, 7, 1123
List the prime factors of 34070963.
379, 89897
What are the prime factor